1/2. Let j(z) = z**3 + 8*z**2 + 5*z - 9. Calculate j(g).
5
Let o(l) be the third derivative of -l**4/24 - l**3/3 + 213*l**2. Let p = 13 + -14. Give o(p).
-1
Let k(l) = 1524*l**2 - 3051*l**2 + l**3 - 5 + l + 1524*l**2. What is k(4)?
15
Let i be 1 - 2 - 3/(-1). Let g(u) = 9*u**3 + u + 89 - 2*u**i - 89. Determine g(1).
8
Let y(a) = 2*a - 2. Suppose -5*s - 2*o + 23 = -0*o, 4*s - 5*o + 8 = 0. What is y(s)?
4
Let v = -56 - -60. Let m(i) = 0*i**2 + 2*i**2 + i**2 - 2 + v*i - 7*i. Give m(3).
16
Let i(f) = 14*f**2 + f. Let v be 6/33 - 735/(-11). Let k = 47 - v. Let x = -19 - k. What is i(x)?
15
Let q(s) = s**3 + 6*s**2 - 25. Let j be q(-5). Let r(h) = -h + 6. What is r(j)?
6
Let i(q) = -q. Let l = 3 + 9. Let s(z) = -4*z. Let n(f) = l*i(f) - 2*s(f). Determine n(-3).
12
Let p(q) = -444*q - 7*q**2 + 8 + 438*q - q**3 + 0*q**3. Give p(-6).
8
Let y(f) = -7*f - 6 - 1 + 3 - 2*f**2 + 4*f. Give y(3).
-31
Suppose -198*z = -199*z - 1. Let n(l) = -22*l**3 - l**2 - 2*l - 1. Calculate n(z).
22
Let y(m) = -m**2 - 5*m + 1. Let g(w) = 2*w**2 + 5*w. Suppose -x + 8 = 3*o, 0*x - 3*x + 2 = -2*o. Let h(s) = x*g(s) + 3*y(s). Calculate h(3).
-3
Let u(r) = -r**3 + 3*r**2 + 3. Let c be u(3). Suppose -3*j = c*f + 2 + 7, -5*j - f = 11. Let t(z) = z. Calculate t(j).
-2
Suppose y - 19 = -3*m, 2*m + 2*y + 3*y - 30 = 0. Let o(d) = m - 85*d**3 - d - 5 + 78*d**3. Give o(-1).
8
Let c be 22/(-55)*(-31 - -1). Suppose -3*l - 9 = -c. Let s(o) = -10*o**2 - o + 1. Give s(l).
-10
Let s(v) = -15*v + 1697 - v**2 - 1697. What is s(-14)?
14
Suppose -4*p = -10*p - 24. Let m be (-2 - -3)*(-3 - p). Let h(t) = 534*t - 536*t - 5 + m. What is h(-6)?
8
Let b(n) = 9 + 1 + 2 - 8 + n. Calculate b(-3).
1
Let d(c) = -c**3 + 5*c**2 + 4*c + 1. Let t(b) = -b + 1. Let z(w) = -d(w) + 2*t(w). Let o = -3405 - -3411. Give z(o).
1
Let n(s) = -s**3 - 3*s**2 - 2*s + 2. Let m be ((-4)/10)/((-122)/40 + 3). Suppose -2*y - 2*y = m. Calculate n(y).
2
Let w(g) = 36*g. Suppose -3*o - 2*o - 3*n - 7 = 0, 4*o = -3*n - 8. Determine w(o).
36
Let s(p) = 17*p**2 + 4. Let h(q) = q**2 + 1. Let l(x) = 5*h(x) - s(x). Calculate l(-1).
-11
Let u(f) = 7*f + 9. Let q(m) = -6*m - 13. Let n(x) = -2*q(x) - 3*u(x). Determine n(0).
-1
Let n(o) = -o + 6. Suppose 4*z - 51 + 15 = -3*h, 4*z - 5*h = 4. Give n(z).
0
Let r(w) = w + 12. Let a be r(-11). Let i(m) = -61*m**3 - 44*m**2 + 16*m. Let l(t) = 12*t**3 + 8*t**2 - 3*t. Let y(v) = -2*i(v) - 11*l(v). Determine y(a).
-9
Let s(i) be the first derivative of -3*i**2/2 - 13*i + 133. What is s(-9)?
14
Let f(u) be the third derivative of -u**6/120 + u**5/15 + 5*u**4/24 + u**3 - 4*u**2 - 1. Give f(5).
6
Let c(m) = 2*m - 3. Suppose 0 = 2*u - 3*x + 1, 5*x - 31 = -2*u - 2*u. Suppose 0 = -8*k + 11*k + 2*j + 20, -u = -4*k + 5*j. Give c(k).
-11
Let g(a) = 2*a**3 + 2*a - 3. Let w = -8 + 11. Let v be g(w). Let j(u) = -v*u + 5 + 0 + 59*u. What is j(-5)?
-5
Let g(k) = -k**2 - 3*k - 4. Suppose 1 = h + 3*n, -8 = 4*h + 3*n - 3. Give g(h).
-2
Let j = 5 - 1. Let w be 3/(-6) + 10/4. Let o(v) = 3*v**2 + w*v - 3 - 3*v - 2*v**2. Determine o(j).
9
Let l(k) = -k**3 + 2*k**2 + 2*k. Let n(z) = -2*z - 53. Let x be n(-22). Let r(j) = j**3 + 8*j**2 - 9*j + 2. Let o be r(x). Calculate l(o).
4
Suppose 5*k = -0*k + 15. Let t be (k/2)/((-5)/30). Let v = t + 8. Let y(h) = -13*h**2 - h - 1. Give y(v).
-13
Let s(o) = 10*o + 2. Let a(l) = -10*l - 1. Let b(z) = -3*a(z) - 2*s(z). What is b(-4)?
-41
Let q be (-6)/6 + 15 + 2. Suppose 0*z + q = -5*k - 3*z, -z - 10 = 4*k. Let f(t) = 3 - 7 - t + 2 - t**2. Determine f(k).
-4
Let t(i) be the third derivative of -9*i**4/8 - 50*i**2. Determine t(-1).
27
Let y(q) = 86*q + 88*q - 184*q. Calculate y(-1).
10
Let a = -65 - -125. Let u = a - 54. Let m(o) = o**2 - 7*o - 8. Determine m(u).
-14
Let z(p) = 2 + 9*p**2 + p**2 - 8*p**2 + 7*p + 1 - 5. Calculate z(-4).
2
Suppose -48*x + 105 = -55*x. Let s(a) = -2*a - 22. Determine s(x).
8
Let i(a) = -38*a + 3 - 2 + 39*a. Let c be i(7). Let f(d) = -2 - 5*d**2 + 6*d + 3*d**2 + c. Give f(5).
-14
Suppose 0 = -5*t + 3*h + 122, 4*t - h - 92 = -0*h. Let x(q) = t*q - q**2 + 0*q - 6 - 15*q. Give x(5).
4
Let j = 7 + -6. Let c be (2/(-2) + 8)*j. Let t(l) = -l**3 + 8*l**2 - 7*l - 4. Let m be t(c). Let h(q) = 2*q + 3. Give h(m).
-5
Let h(x) = -13*x + 226. Let w be h(18). Let m(j) = -2*j - 8. Let k(v) = -1. Let a(b) = 10*k(b) - m(b). Give a(w).
-18
Let p be -6*44/(-110)*10/8. Let q(m) be the second derivative of -4*m**2 + 0 + 1/2*m**4 + 1/20*m**5 - 1/6*m**p + 3*m. Determine q(-6).
-2
Let s(g) = g**2 + 4*g + 5. Let t(u) = -1 - 2*u**2 - u - 8 - 2 - 7*u. Let w(v) = 13*s(v) + 6*t(v). What is w(-4)?
-1
Let s(z) be the first derivative of z**4/4 + 5*z**3/3 + 5*z**2/2 + 3*z - 20. Suppose 5*v = -0*v - 10, -2*w + 4 = -v. Let d be (5 - 2/w)*-1. Determine s(d).
6
Let a(u) be the second derivative of -11/2*u**2 - 1/3*u**3 - u + 0. Calculate a(-8).
5
Let b be 26/5 + (-12)/(-15). Let i(o) = -o**3 + 5*o**2 + 6*o + 5. Give i(b).
5
Let c(g) = -g**2 + 10*g - 11*g + g**3 + 4*g**2. Let t be c(-3). Let o(v) = -3*v**2 + 5*v - 2. Determine o(t).
-14
Suppose 11*r = 95 - 18. Let d(i) = 3*i + r - 11*i + 7*i. Determine d(6).
1
Let k(s) = s + 4. Suppose -135 = 14*z - 37. Give k(z).
-3
Let t(i) = 5*i**2 + 11*i + 6. Let y(v) = -6*v**2 - 10*v - 7. Let w(a) = 5*t(a) + 4*y(a). Give w(-14).
-12
Let g(u) = 2*u. Let p(d) = d**3 + 4*d**2 + 6*d + 1. Let t(k) = 2*g(k) - p(k). Give t(-3).
-4
Suppose 3*u = -2*g - 3*g + 34, -8 = -4*g + 4*u. Let c(y) = -y**2 + 5*y - 2. Determine c(g).
-2
Let c be (-9)/(-6)*-2*1. Let y be (6/7)/(c/(-21)). Let x(f) = -5*f + 10*f + y*f. Determine x(-1).
-11
Let p(i) = 2*i**2 - 20*i - 19. Let g be p(11). Let j(m) = 0*m**3 + 0*m**3 - 3*m**g + 4*m**3 - m + 5*m**2 - 2. What is j(-5)?
3
Let h(z) = z**2 - z - 6. Let p(x) = 4*x**2 + 32*x + 3. Let w be p(-8). Give h(w).
0
Let g(p) = -p + 3. Let t(z) = -z**3 - 9*z**2 - 10*z - 11. Let l be t(-8). Suppose -l*f - 3*d = 23, 3*f - 3*d + 9 = -0. Calculate g(f).
7
Let g(v) = 5*v + 24. Let p be (4/16)/((-28)/784). Determine g(p).
-11
Let u be (3/2)/((-22)/(-88)). Let z(k) = k**2 - 8*k + 5. What is z(u)?
-7
Let r(q) = 4*q**2 + 1. Suppose 2 = 2*w - 4. Suppose 5*k - w*k = -8, -5*m = -2*k - 3. Give r(m).
5
Suppose -3*x - 4*r + 45 = 0, x + x - 35 = -r. Suppose -8 = d + 5*y, 6*y = -5*d + 2*y - 82. Let o = x + d. Let l(z) = 14*z**2 + z. What is l(o)?
15
Let l(r) = 6*r**3 - 98*r - r**3 + 101*r - 2*r**3 - 2*r**3 + r**2. Give l(-3).
-27
Suppose 6*i - v - 12 = 2*i, 0 = 5*i - 5*v - 15. Suppose -4*b - i*u = -u + 6, -u = b + 1. Let t(k) = -3*k**3 - 4*k**2 - 4*k - 2. What is t(b)?
14
Let i(s) = 5*s**2 - 2*s**2 + 2*s**3 - 2 + 0*s**2 + 2*s. Let q = 95 + -67. Suppose -25*t + 6 = -q*t. What is i(t)?
-10
Let k(z) = 91*z - 274. Let b be k(3). Let x(t) = 3*t**2 - 2*t - 1. Give x(b).
4
Let g = 344 - 350. Let u(m) = -m - 3. Calculate u(g).
3
Let h(k) = -k**2 + 6*k - 1. Let g be (-97 - -4)/3 + -2. Let f be 6/33 + (-27)/g. Suppose -2*l + 9 = -f. Calculate h(l).
4
Let v(o) be the third derivative of 0*o + 3/8*o**4 - 5/3*o**3 + 26*o**2 - 1/60*o**5 + 0. Calculate v(7).
4
Suppose -27*d + 226 = -17. Let o(i) be the second derivative of i**3/6 - 3*i**2/2 + 2*i. Calculate o(d).
6
Let n(i) = i**3 + 7*i**2 + 2*i + 29. Let t be -1 + 1 - (3 - (-13 + 9)). What is n(t)?
15
Let i(b) be the third derivative of -b**6/120 - b**5/10 - b**4/24 + b**3/6 - 510*b**2 + 1. Suppose -2*q = n - 4*n + 15, n - 7 = q. Calculate i(q).
7
Let m(i) = -3*i + 13. Suppose -2*t - 5*w = -25, 3*w - 45 = -3*t - 21. Determine m(t).
-2
Suppose -3*h + 9 = 3. Let i(k) = k**h - k - 14*k + 5 + 7*k. What is i(6)?
-7
Let z(b) = 4*b + 64. Let r be z(-16). Let v(y) = y**2 - y - 8. Calculate v(r).
-8
Let l = -34 - -37. Let u(t) = -6 + 2 + 7*t - 6*t**2 + t**l + 2. Give u(5).
8
Let k(g) = -2*g + 5. Let q be k(3). Let t(h) = -21*h - 35*h + 60*h. Determine t(q).
-4
Let v(n) = -n**2 - 8*n - 6. Let q(p) = -p**2 - 6*p - 6. Let f be q(-4). Let s be (f + (-3)/3)*-3. Let x be s + (-2 - 2)*1. What is v(x)?
1
Suppose -111*j + 103*j + 32 = 0. Let y(o) be the second derivative of -o**4/12 + 5*o**3/6 - 2*o**2 + 2*o. What is y(j)?
0
Let m(v) = -3*v + 2 + v**2 - 21 - 24 - 10*v + 17. Give m(13).
-26
Let r(d) = -d**2 + 9*d - 3. Let v(s) = s**2 - s + 1. Suppose c + 3*c = 12. Let t be (c/2)/((-33)/(-44)). Let h(k) = t*v(k) + r(k). Calculate h(-5).
-11
L